{"id":171,"date":"2017-03-09T12:47:21","date_gmt":"2017-03-09T11:47:21","guid":{"rendered":"http:\/\/morda.multibabirel.ch\/?page_id=171"},"modified":"2017-03-31T09:35:45","modified_gmt":"2017-03-31T07:35:45","slug":"le-leader-regard-la-ou-il-faut","status":"publish","type":"page","link":"http:\/\/www.morda.ch\/index.php\/le-leader-regard-la-ou-il-faut\/","title":{"rendered":"Le leader regarde l\u00e0 o\u00f9 il faut"},"content":{"rendered":"<p>[et_pb_section admin_label=\u00a0\u00bbSection\u00a0\u00bb fullwidth=\u00a0\u00bbon\u00a0\u00bb specialty=\u00a0\u00bboff\u00a0\u00bb][et_pb_fullwidth_image admin_label=\u00a0\u00bbImage en pleine largeur\u00a0\u00bb src=\u00a0\u00bbhttp:\/\/morda.multibabirel.ch\/wp-content\/uploads\/2017\/03\/bandeau_morda_5_2_cours.jpg\u00a0\u00bb show_in_lightbox=\u00a0\u00bboff\u00a0\u00bb url_new_window=\u00a0\u00bboff\u00a0\u00bb use_overlay=\u00a0\u00bboff\u00a0\u00bb animation=\u00a0\u00bbleft\u00a0\u00bb use_border_color=\u00a0\u00bboff\u00a0\u00bb border_color=\u00a0\u00bb#ffffff\u00a0\u00bb border_style=\u00a0\u00bbsolid\u00a0\u00bb] [\/et_pb_fullwidth_image][\/et_pb_section][et_pb_section admin_label=\u00a0\u00bbsection\u00a0\u00bb][et_pb_row admin_label=\u00a0\u00bbrow\u00a0\u00bb][et_pb_column type=\u00a0\u00bb2_3&Prime;][et_pb_text admin_label=\u00a0\u00bbTexte\u00a0\u00bb background_layout=\u00a0\u00bblight\u00a0\u00bb text_orientation=\u00a0\u00bbleft\u00a0\u00bb use_border_color=\u00a0\u00bboff\u00a0\u00bb border_color=\u00a0\u00bb#ffffff\u00a0\u00bb border_style=\u00a0\u00bbsolid\u00a0\u00bb]<\/p>\n<h2>LE LEADER REGARDE L\u00c0 O\u00d9 IL FAUT<\/h2>\n<p>Sortir plus vite de situations relationnelles pesantes et r\u00e9currentes.<\/p>\n<p>Cette intervention s\u2019adresse \u00e0 des professionnels en situation de \u00adresponsabilit\u00e9, qui ont \u00e0 g\u00e9rer des \u00e9quipes ou des individus sans savoir \u00adtoujours comment s\u2019y prendre.<\/p>\n<p>Le plus souvent, les relations mal g\u00e9r\u00e9es sont usantes. On tente de d\u00e9nicher les ressources en soi-m\u00eame. On recourt ensuite \u00e0 quelques ouvrages, des articles bien sentis ou un internet toujours disponible\u00a0: on veut alors habiter en th\u00e9orie, parce qu\u2019en th\u00e9orie tout se passe bien ! Mais les faits sont t\u00eatus. La th\u00e9orie devient une pi\u00e8tre alli\u00e9e.<\/p>\n<p>Nous vous proposons une fa\u00e7on originale et utile de consid\u00e9rer les situations relationnelles qui vous \u00e9puisent et vous \u00e9prouvent.<\/p>\n<p>Formation donn\u00e9e \u00e0 deux voix, avec Jean-Luc\u00a0Tournier. Voir toutes les informations dans le d\u00e9pliant \u00e0 t\u00e9l\u00e9charger ci-dessous.<\/p>\n<p>[\/et_pb_text][et_pb_button admin_label=\u00a0\u00bbBouton\u00a0\u00bb button_url=\u00a0\u00bbhttp:\/\/morda.multibabirel.ch\/wp-content\/uploads\/2017\/03\/depliant_coaching_morda_tournier_HD.pdf\u00a0\u00bb url_new_window=\u00a0\u00bboff\u00a0\u00bb button_text=\u00a0\u00bbT\u00e9l\u00e9charger le d\u00e9pliant\u00a0\u00bb button_alignment=\u00a0\u00bbleft\u00a0\u00bb background_layout=\u00a0\u00bblight\u00a0\u00bb custom_button=\u00a0\u00bboff\u00a0\u00bb button_letter_spacing=\u00a0\u00bb0&Prime; button_use_icon=\u00a0\u00bbdefault\u00a0\u00bb button_icon_placement=\u00a0\u00bbright\u00a0\u00bb button_on_hover=\u00a0\u00bbon\u00a0\u00bb button_letter_spacing_hover=\u00a0\u00bb0&Prime;] [\/et_pb_button][\/et_pb_column][et_pb_column type=\u00a0\u00bb1_3&Prime;][et_pb_image admin_label=\u00a0\u00bbImage\u00a0\u00bb src=\u00a0\u00bbhttp:\/\/morda.multibabirel.ch\/wp-content\/uploads\/2017\/03\/code_qr_1.jpg\u00a0\u00bb show_in_lightbox=\u00a0\u00bboff\u00a0\u00bb url_new_window=\u00a0\u00bboff\u00a0\u00bb use_overlay=\u00a0\u00bboff\u00a0\u00bb animation=\u00a0\u00bbleft\u00a0\u00bb sticky=\u00a0\u00bboff\u00a0\u00bb align=\u00a0\u00bbleft\u00a0\u00bb force_fullwidth=\u00a0\u00bboff\u00a0\u00bb always_center_on_mobile=\u00a0\u00bbon\u00a0\u00bb use_border_color=\u00a0\u00bboff\u00a0\u00bb border_color=\u00a0\u00bb#ffffff\u00a0\u00bb border_style=\u00a0\u00bbsolid\u00a0\u00bb] [\/et_pb_image][\/et_pb_column][\/et_pb_row][\/et_pb_section]<\/p>\n","protected":false},"excerpt":{"rendered":"<p>LE LEADER REGARDE L\u00c0 O\u00d9 IL FAUT Sortir plus vite de situations relationnelles pesantes et r\u00e9currentes. Cette intervention s\u2019adresse \u00e0 des professionnels en situation de \u00adresponsabilit\u00e9, qui ont \u00e0 g\u00e9rer des \u00e9quipes ou des individus sans savoir \u00adtoujours comment s\u2019y prendre. Le plus souvent, les relations mal g\u00e9r\u00e9es sont usantes. On tente de d\u00e9nicher les [&hellip;]<\/p>\n","protected":false},"author":1,"featured_media":0,"parent":0,"menu_order":0,"comment_status":"closed","ping_status":"closed","template":"","meta":{"_et_pb_use_builder":"on","_et_pb_old_content":"","_et_gb_content_width":"","footnotes":""},"class_list":["post-171","page","type-page","status-publish","hentry"],"_links":{"self":[{"href":"http:\/\/www.morda.ch\/index.php\/wp-json\/wp\/v2\/pages\/171","targetHints":{"allow":["GET"]}}],"collection":[{"href":"http:\/\/www.morda.ch\/index.php\/wp-json\/wp\/v2\/pages"}],"about":[{"href":"http:\/\/www.morda.ch\/index.php\/wp-json\/wp\/v2\/types\/page"}],"author":[{"embeddable":true,"href":"http:\/\/www.morda.ch\/index.php\/wp-json\/wp\/v2\/users\/1"}],"replies":[{"embeddable":true,"href":"http:\/\/www.morda.ch\/index.php\/wp-json\/wp\/v2\/comments?post=171"}],"version-history":[{"count":12,"href":"http:\/\/www.morda.ch\/index.php\/wp-json\/wp\/v2\/pages\/171\/revisions"}],"predecessor-version":[{"id":400,"href":"http:\/\/www.morda.ch\/index.php\/wp-json\/wp\/v2\/pages\/171\/revisions\/400"}],"wp:attachment":[{"href":"http:\/\/www.morda.ch\/index.php\/wp-json\/wp\/v2\/media?parent=171"}],"curies":[{"name":"wp","href":"https:\/\/api.w.org\/{rel}","templated":true}]}}

Le leader regarde là où il faut

<p>[et_pb_section admin_label= »Section » fullwidth= »on » specialty= »off »][et_pb_fullwidth_image admin_label= »Image en pleine largeur » src= »http://morda.multibabirel.ch/wp-content/uploads/2017/03/bandeau_morda_5_2_cours.jpg » show_in_lightbox= »off » url_new_window= »off » use_overlay= »off » animation= »left » use_border_color= »off » border_color= »#ffffff » border_style= »solid »] [/et_pb_fullwidth_image][/et_pb_section][et_pb_section admin_label= »section »][et_pb_row admin_label= »row »][et_pb_column type= »2_3&Prime;][et_pb_text admin_label= »Texte » background_layout= »light » text_orientation= »left » use_border_color= »off » border_color= »#ffffff » border_style= »solid »]</p>
<h2>LE LEADER REGARDE LÀ OÙ IL FAUT</h2>
<p>Sortir plus vite de situations relationnelles pesantes et récurrentes.</p>
<p>Cette intervention s’adresse à des professionnels en situation de ­responsabilité, qui ont à gérer des équipes ou des individus sans savoir ­toujours comment s’y prendre.</p>
<p>Le plus souvent, les relations mal gérées sont usantes. On tente de dénicher les ressources en soi-même. On recourt ensuite à quelques ouvrages, des articles bien sentis ou un internet toujours disponible : on veut alors habiter en théorie, parce qu’en théorie tout se passe bien ! Mais les faits sont têtus. La théorie devient une piètre alliée.</p>
<p>Nous vous proposons une façon originale et utile de considérer les situations relationnelles qui vous épuisent et vous éprouvent.</p>
<p>Formation donnée à deux voix, avec Jean-Luc Tournier. Voir toutes les informations dans le dépliant à télécharger ci-dessous.</p>
<p>[/et_pb_text][et_pb_button admin_label= »Bouton » button_url= »http://morda.multibabirel.ch/wp-content/uploads/2017/03/depliant_coaching_morda_tournier_HD.pdf » url_new_window= »off » button_text= »Télécharger le dépliant » button_alignment= »left » background_layout= »light » custom_button= »off » button_letter_spacing= »0&Prime; button_use_icon= »default » button_icon_placement= »right » button_on_hover= »on » button_letter_spacing_hover= »0&Prime;] [/et_pb_button][/et_pb_column][et_pb_column type= »1_3&Prime;][et_pb_image admin_label= »Image » src= »http://morda.multibabirel.ch/wp-content/uploads/2017/03/code_qr_1.jpg » show_in_lightbox= »off » url_new_window= »off » use_overlay= »off » animation= »left » sticky= »off » align= »left » force_fullwidth= »off » always_center_on_mobile= »on » use_border_color= »off » border_color= »#ffffff » border_style= »solid »] [/et_pb_image][/et_pb_column][/et_pb_row][/et_pb_section]</p>

<p>LE LEADER REGARDE LÀ OÙ IL FAUT Sortir plus vite de situations relationnelles pesantes et récurrentes. Cette intervention s’adresse à des professionnels en situation de ­responsabilité, qui ont à gérer des équipes ou des individus sans savoir ­toujours comment s’y prendre. Le plus souvent, les relations mal gérées sont usantes. On tente de dénicher les [&hellip;]</p>
