{"id":2,"date":"2017-03-05T09:40:13","date_gmt":"2017-03-05T08:40:13","guid":{"rendered":"http:\/\/morda.multibabirel.ch\/?page_id=2"},"modified":"2025-06-17T21:29:42","modified_gmt":"2025-06-17T19:29:42","slug":"page-d-exemple","status":"publish","type":"page","link":"http:\/\/www.morda.ch\/","title":{"rendered":"Quoi de neuf?"},"content":{"rendered":"<p>[et_pb_section fb_built=\u00a0\u00bb1&Prime; fullwidth=\u00a0\u00bbon\u00a0\u00bb admin_label=\u00a0\u00bbSection\u00a0\u00bb _builder_version=\u00a0\u00bb4.18.0&Prime; transparent_background=\u00a0\u00bboff\u00a0\u00bb make_fullwidth=\u00a0\u00bboff\u00a0\u00bb use_custom_width=\u00a0\u00bboff\u00a0\u00bb width_unit=\u00a0\u00bboff\u00a0\u00bb custom_width_px=\u00a0\u00bb1080px\u00a0\u00bb custom_width_percent=\u00a0\u00bb80%\u00a0\u00bb global_colors_info=\u00a0\u00bb{}\u00a0\u00bb][et_pb_fullwidth_image src=\u00a0\u00bbhttp:\/\/morda.multibabirel.ch\/wp-content\/uploads\/2017\/03\/bandeau_morda_1_5.jpg\u00a0\u00bb admin_label=\u00a0\u00bbImage en pleine largeur\u00a0\u00bb _builder_version=\u00a0\u00bb4.16&Prime; animation_style=\u00a0\u00bbslide\u00a0\u00bb animation_direction=\u00a0\u00bbleft\u00a0\u00bb animation_duration=\u00a0\u00bb500ms\u00a0\u00bb animation_intensity_slide=\u00a0\u00bb10%\u00a0\u00bb animation=\u00a0\u00bbleft\u00a0\u00bb use_border_color=\u00a0\u00bboff\u00a0\u00bb border_color=\u00a0\u00bb#ffffff\u00a0\u00bb border_width=\u00a0\u00bb1px\u00a0\u00bb border_style=\u00a0\u00bbsolid\u00a0\u00bb global_colors_info=\u00a0\u00bb{}\u00a0\u00bb] [\/et_pb_fullwidth_image][\/et_pb_section][et_pb_section fb_built=\u00a0\u00bb1&Prime; _builder_version=\u00a0\u00bb4.18.0&Prime; _module_preset=\u00a0\u00bbdefault\u00a0\u00bb min_height=\u00a0\u00bb716px\u00a0\u00bb custom_margin=\u00a0\u00bb||212px|||\u00a0\u00bb global_colors_info=\u00a0\u00bb{}\u00a0\u00bb][et_pb_row column_structure=\u00a0\u00bb1_2,1_2&Prime; admin_label=\u00a0\u00bbLigne\u00a0\u00bb _builder_version=\u00a0\u00bb4.18.0&Prime; background_size=\u00a0\u00bbinitial\u00a0\u00bb background_position=\u00a0\u00bbtop_left\u00a0\u00bb background_repeat=\u00a0\u00bbrepeat\u00a0\u00bb min_height=\u00a0\u00bb881px\u00a0\u00bb custom_margin=\u00a0\u00bb27px|auto|-677px|auto||\u00a0\u00bb custom_padding=\u00a0\u00bb0px||0px|||\u00a0\u00bb make_fullwidth=\u00a0\u00bboff\u00a0\u00bb use_custom_width=\u00a0\u00bboff\u00a0\u00bb width_unit=\u00a0\u00bboff\u00a0\u00bb custom_width_px=\u00a0\u00bb1080px\u00a0\u00bb custom_width_percent=\u00a0\u00bb80%\u00a0\u00bb global_colors_info=\u00a0\u00bb{}\u00a0\u00bb][et_pb_column type=\u00a0\u00bb1_2&Prime; _builder_version=\u00a0\u00bb4.16&Prime; custom_padding=\u00a0\u00bb|||\u00a0\u00bb global_colors_info=\u00a0\u00bb{}\u00a0\u00bb custom_padding__hover=\u00a0\u00bb|||\u00a0\u00bb][et_pb_text admin_label=\u00a0\u00bbTexte\u00a0\u00bb _builder_version=\u00a0\u00bb4.18.0&Prime; background_size=\u00a0\u00bbinitial\u00a0\u00bb background_position=\u00a0\u00bbtop_left\u00a0\u00bb background_repeat=\u00a0\u00bbrepeat\u00a0\u00bb use_border_color=\u00a0\u00bboff\u00a0\u00bb border_style=\u00a0\u00bbsolid\u00a0\u00bb global_colors_info=\u00a0\u00bb{}\u00a0\u00bb]<\/p>\n<h3><span style=\"color: #e02b20;\"><strong>RETRAITE FELDENKRAIS &amp; SONOTH\u00c9RAPIE<\/strong><\/span><\/h3>\n<h3><span style=\"color: #e02b20;\"><strong>26 au 30 ao\u00fbt 2025, Intragna, Tessin<\/strong><\/span><\/h3>\n<p><a href=\"http:\/\/www.intra-studio.ch\/\"><span style=\"color: #e02b20;\"><strong><\/strong><\/span><\/a><\/p>\n<p>[\/et_pb_text][et_pb_text admin_label=\u00a0\u00bbTexte\u00a0\u00bb _builder_version=\u00a0\u00bb4.18.0&Prime; background_size=\u00a0\u00bbinitial\u00a0\u00bb background_position=\u00a0\u00bbtop_left\u00a0\u00bb background_repeat=\u00a0\u00bbrepeat\u00a0\u00bb min_height=\u00a0\u00bb78px\u00a0\u00bb custom_margin=\u00a0\u00bb||7px|||\u00a0\u00bb custom_padding=\u00a0\u00bb||3px|||\u00a0\u00bb use_border_color=\u00a0\u00bboff\u00a0\u00bb border_style=\u00a0\u00bbsolid\u00a0\u00bb global_colors_info=\u00a0\u00bb{}\u00a0\u00bb]<\/p>\n<div class=\"xdj266r x14z9mp xat24cr x1lziwak x1vvkbs\">\n<p><span style=\"font-size: medium;\">Offrez-vous une semaine de libert\u00e9 et de bien-\u00eatre.<\/span><\/p>\n<p><span style=\"font-size: medium;\">\u00a0<\/span><\/p>\n<\/div>\n<div class=\"xdj266r x14z9mp xat24cr x1lziwak x1vvkbs\"><\/div>\n<div class=\"xdj266r x14z9mp xat24cr x1lziwak x1vvkbs\"><\/div>\n<div class=\"x14z9mp xat24cr x1lziwak x1vvkbs xtlvy1s\">\n<p><span style=\"font-size: medium;\">Vous souhaitez : Lib\u00e9rer et fluidifier vos mouvements, retrouver de la mobilit\u00e9, changer vos habitudes, sortir de vos sch\u00e9mas limitants, int\u00e9grer de nouvelles fa\u00e7ons de faire par une prise de conscience et redonner vie et souplesse \u00e0 vos cellules gr\u00e2ce \u00e0 des soins vibratoires ?<\/span><br class=\"html-br\" \/><span style=\"font-size: medium;\">Cette retraite est pour vous !<\/span><\/p>\n<p><span style=\"font-size: medium;\">\u00a0<\/span><\/p>\n<\/div>\n<div class=\"x14z9mp xat24cr x1lziwak x1vvkbs xtlvy1s\">\n<p><span style=\"font-size: medium;\">Cr\u00e9ez votre programme comme vous le sentez !<\/span><\/p>\n<p>\u00a0<span style=\"font-size: medium;\">Squelette du programme :<\/span><br class=\"html-br\" \/><span style=\"font-size: medium;\">-&gt; 9h &#8211; 10h : cours collectif de Feldenkrais<\/span><br class=\"html-br\" \/><span style=\"font-size: medium;\">-&gt; 11h &#8211; 15h : soins individuels<\/span><br class=\"html-br\" \/><span style=\"font-size: medium;\">-&gt; 16h &#8211; 17h : cours collectif de Feldenkrais<\/span><br class=\"html-br\" \/><span style=\"font-size: medium;\">+ 2 bains sonores seront \u00e9galement propos\u00e9s durant le s\u00e9jour.<\/span><\/p>\n<\/div>\n<div class=\"x14z9mp xat24cr x1lziwak x1vvkbs xtlvy1s\">\n<p><span style=\"font-size: medium;\">\u00a0<\/span><\/p>\n<\/div>\n<div class=\"x14z9mp xat24cr x1lziwak x1vvkbs xtlvy1s\">\n<p><span style=\"font-size: medium;\">Oui, il est possible d&rsquo;organiser votre journ\u00e9e comme vous le souhaitez. <\/span><span style=\"font-size: medium;\">Vous pouvez venir \u00e0 tous les cours ou seulement une fois.<\/span><\/p>\n<p><span style=\"font-size: medium;\">\u00a0<\/span><\/p>\n<\/div>\n<div class=\"x14z9mp xat24cr x1lziwak x1vvkbs xtlvy1s\">\n<p><span style=\"font-size: medium;\">Renseignements :<br \/>Morda &#8211; <a href=\"mailto:morda@morda.ch\">morda@morda.ch<\/a> &#8211; 079 232 31 04<br \/>Marion &#8211; <a href=\"mailto:feldenkrais@marionmordasini.com\">feldenkrais@marionmordasini.com<\/a> &#8211; 079 565 20 65<\/span><span style=\"font-size: medium;\"><\/span><\/p>\n<\/div>\n<p>[\/et_pb_text][\/et_pb_column][et_pb_column type=\u00a0\u00bb1_2&Prime; _builder_version=\u00a0\u00bb4.16&Prime; custom_padding=\u00a0\u00bb|||\u00a0\u00bb global_colors_info=\u00a0\u00bb{}\u00a0\u00bb custom_padding__hover=\u00a0\u00bb|||\u00a0\u00bb][et_pb_text admin_label=\u00a0\u00bbTexte\u00a0\u00bb _builder_version=\u00a0\u00bb4.18.0&Prime; background_size=\u00a0\u00bbinitial\u00a0\u00bb background_position=\u00a0\u00bbtop_left\u00a0\u00bb background_repeat=\u00a0\u00bbrepeat\u00a0\u00bb use_border_color=\u00a0\u00bboff\u00a0\u00bb border_style=\u00a0\u00bbsolid\u00a0\u00bb global_colors_info=\u00a0\u00bb{}\u00a0\u00bb]<\/p>\n<h3><span style=\"color: #e02b20;\"><strong>CONCERT &#8211; CHANSON FRANCAISE<\/strong><\/span><\/h3>\n<h3><span style=\"color: #e02b20;\"><strong>6 ao\u00fbt, Intragna, Tessin<\/strong><\/span><\/h3>\n<p><a href=\"http:\/\/www.intra-studio.ch\/\"><span style=\"color: #e02b20;\"><strong><\/strong><\/span><\/a><\/p>\n<p>[\/et_pb_text][et_pb_text admin_label=\u00a0\u00bbTexte\u00a0\u00bb _builder_version=\u00a0\u00bb4.18.0&Prime; background_size=\u00a0\u00bbinitial\u00a0\u00bb background_position=\u00a0\u00bbtop_left\u00a0\u00bb background_repeat=\u00a0\u00bbrepeat\u00a0\u00bb min_height=\u00a0\u00bb78px\u00a0\u00bb custom_margin=\u00a0\u00bb||7px|||\u00a0\u00bb custom_padding=\u00a0\u00bb||3px|||\u00a0\u00bb use_border_color=\u00a0\u00bboff\u00a0\u00bb border_style=\u00a0\u00bbsolid\u00a0\u00bb global_colors_info=\u00a0\u00bb{}\u00a0\u00bb]<\/p>\n<p><span style=\"font-size: medium;\">En direct de la place du village, nous entamerons un bel \u00e9ventail de p\u00e9pites vari\u00e9es de la Chanson Fran\u00e7aise.<\/span><\/p>\n<p><span style=\"font-size: medium;\">Ca va valser sous les persiennes !<\/span><\/p>\n<p><span style=\"font-size: medium;\">Avec : Morda, Pascal Rinaldi et Yves Z<\/span><\/p>\n<p><span style=\"font-size: medium;\"><\/span><\/p>\n<p><span style=\"font-size: medium;\"><\/span><\/p>\n<p>[\/et_pb_text][et_pb_text admin_label=\u00a0\u00bbTexte\u00a0\u00bb _builder_version=\u00a0\u00bb4.18.0&Prime; background_size=\u00a0\u00bbinitial\u00a0\u00bb background_position=\u00a0\u00bbtop_left\u00a0\u00bb background_repeat=\u00a0\u00bbrepeat\u00a0\u00bb min_height=\u00a0\u00bb78px\u00a0\u00bb custom_margin=\u00a0\u00bb||7px|||\u00a0\u00bb custom_padding=\u00a0\u00bb||3px|||\u00a0\u00bb use_border_color=\u00a0\u00bboff\u00a0\u00bb border_style=\u00a0\u00bbsolid\u00a0\u00bb global_colors_info=\u00a0\u00bb{}\u00a0\u00bb]<\/p>\n<div class=\"xdj266r x14z9mp xat24cr x1lziwak x1vvkbs\"><img loading=\"lazy\" decoding=\"async\" src=\"http:\/\/www.morda.ch\/wp-content\/uploads\/2025\/06\/p1-300x300.jpg\" width=\"483\" height=\"483\" alt=\"\" class=\"wp-image-729 alignnone size-medium\" \/><\/div>\n<div class=\"x14z9mp xat24cr x1lziwak x1vvkbs xtlvy1s\">\n<p>&nbsp;<\/p>\n<p>&nbsp;<\/p>\n<\/div>\n<p>[\/et_pb_text][\/et_pb_column][\/et_pb_row][\/et_pb_section]<\/p>\n","protected":false},"excerpt":{"rendered":"<p>RETRAITE FELDENKRAIS &amp; SONOTH\u00c9RAPIE 26 au 30 ao\u00fbt 2025, Intragna, Tessin Offrez-vous une semaine de libert\u00e9 et de bien-\u00eatre. \u00a0 Vous souhaitez : Lib\u00e9rer et fluidifier vos mouvements, retrouver de la mobilit\u00e9, changer vos habitudes, sortir de vos sch\u00e9mas limitants, int\u00e9grer de nouvelles fa\u00e7ons de faire par une prise de conscience et redonner vie et [&hellip;]<\/p>\n","protected":false},"author":1,"featured_media":0,"parent":0,"menu_order":0,"comment_status":"closed","ping_status":"open","template":"","meta":{"_et_pb_use_builder":"on","_et_pb_old_content":"","_et_gb_content_width":"","footnotes":""},"class_list":["post-2","page","type-page","status-publish","hentry"],"_links":{"self":[{"href":"http:\/\/www.morda.ch\/index.php\/wp-json\/wp\/v2\/pages\/2","targetHints":{"allow":["GET"]}}],"collection":[{"href":"http:\/\/www.morda.ch\/index.php\/wp-json\/wp\/v2\/pages"}],"about":[{"href":"http:\/\/www.morda.ch\/index.php\/wp-json\/wp\/v2\/types\/page"}],"author":[{"embeddable":true,"href":"http:\/\/www.morda.ch\/index.php\/wp-json\/wp\/v2\/users\/1"}],"replies":[{"embeddable":true,"href":"http:\/\/www.morda.ch\/index.php\/wp-json\/wp\/v2\/comments?post=2"}],"version-history":[{"count":116,"href":"http:\/\/www.morda.ch\/index.php\/wp-json\/wp\/v2\/pages\/2\/revisions"}],"predecessor-version":[{"id":737,"href":"http:\/\/www.morda.ch\/index.php\/wp-json\/wp\/v2\/pages\/2\/revisions\/737"}],"wp:attachment":[{"href":"http:\/\/www.morda.ch\/index.php\/wp-json\/wp\/v2\/media?parent=2"}],"curies":[{"name":"wp","href":"https:\/\/api.w.org\/{rel}","templated":true}]}}

<p>[et_pb_section fb_built= »1&Prime; fullwidth= »on » admin_label= »Section » _builder_version= »4.18.0&Prime; transparent_background= »off » make_fullwidth= »off » use_custom_width= »off » width_unit= »off » custom_width_px= »1080px » custom_width_percent= »80% » global_colors_info= »{} »][et_pb_fullwidth_image src= »http://morda.multibabirel.ch/wp-content/uploads/2017/03/bandeau_morda_1_5.jpg » admin_label= »Image en pleine largeur » _builder_version= »4.16&Prime; animation_style= »slide » animation_direction= »left » animation_duration= »500ms » animation_intensity_slide= »10% » animation= »left » use_border_color= »off » border_color= »#ffffff » border_width= »1px » border_style= »solid » global_colors_info= »{} »] [/et_pb_fullwidth_image][/et_pb_section][et_pb_section fb_built= »1&Prime; _builder_version= »4.18.0&Prime; _module_preset= »default » min_height= »716px » custom_margin= »||212px||| » global_colors_info= »{} »][et_pb_row column_structure= »1_2,1_2&Prime; admin_label= »Ligne » _builder_version= »4.18.0&Prime; background_size= »initial » background_position= »top_left » background_repeat= »repeat » min_height= »881px » custom_margin= »27px|auto|-677px|auto|| » custom_padding= »0px||0px||| » make_fullwidth= »off » use_custom_width= »off » width_unit= »off » custom_width_px= »1080px » custom_width_percent= »80% » global_colors_info= »{} »][et_pb_column type= »1_2&Prime; _builder_version= »4.16&Prime; custom_padding= »||| » global_colors_info= »{} » custom_padding__hover= »||| »][et_pb_text admin_label= »Texte » _builder_version= »4.18.0&Prime; background_size= »initial » background_position= »top_left » background_repeat= »repeat » use_border_color= »off » border_style= »solid » global_colors_info= »{} »]</p>
<h3><span style="color: #e02b20;"><strong>RETRAITE FELDENKRAIS &amp; SONOTHÉRAPIE</strong></span></h3>
<h3><span style="color: #e02b20;"><strong>26 au 30 août 2025, Intragna, Tessin</strong></span></h3>
<p><a href="http://www.intra-studio.ch/"><span style="color: #e02b20;"><strong></strong></span></a></p>
<p>[/et_pb_text][et_pb_text admin_label= »Texte » _builder_version= »4.18.0&Prime; background_size= »initial » background_position= »top_left » background_repeat= »repeat » min_height= »78px » custom_margin= »||7px||| » custom_padding= »||3px||| » use_border_color= »off » border_style= »solid » global_colors_info= »{} »]</p>
<div class="xdj266r x14z9mp xat24cr x1lziwak x1vvkbs">
<p><span style="font-size: medium;">Offrez-vous une semaine de liberté et de bien-être.</span></p>
<p><span style="font-size: medium;"> </span></p>
</div>
<div class="xdj266r x14z9mp xat24cr x1lziwak x1vvkbs"></div>
<div class="xdj266r x14z9mp xat24cr x1lziwak x1vvkbs"></div>
<div class="x14z9mp xat24cr x1lziwak x1vvkbs xtlvy1s">
<p><span style="font-size: medium;">Vous souhaitez : Libérer et fluidifier vos mouvements, retrouver de la mobilité, changer vos habitudes, sortir de vos schémas limitants, intégrer de nouvelles façons de faire par une prise de conscience et redonner vie et souplesse à vos cellules grâce à des soins vibratoires ?</span><br class="html-br" /><span style="font-size: medium;">Cette retraite est pour vous !</span></p>
<p><span style="font-size: medium;"> </span></p>
</div>
<div class="x14z9mp xat24cr x1lziwak x1vvkbs xtlvy1s">
<p><span style="font-size: medium;">Créez votre programme comme vous le sentez !</span></p>
<p> <span style="font-size: medium;">Squelette du programme :</span><br class="html-br" /><span style="font-size: medium;">-&gt; 9h &#8211; 10h : cours collectif de Feldenkrais</span><br class="html-br" /><span style="font-size: medium;">-&gt; 11h &#8211; 15h : soins individuels</span><br class="html-br" /><span style="font-size: medium;">-&gt; 16h &#8211; 17h : cours collectif de Feldenkrais</span><br class="html-br" /><span style="font-size: medium;">+ 2 bains sonores seront également proposés durant le séjour.</span></p>
</div>
<div class="x14z9mp xat24cr x1lziwak x1vvkbs xtlvy1s">
<p><span style="font-size: medium;"> </span></p>
</div>
<div class="x14z9mp xat24cr x1lziwak x1vvkbs xtlvy1s">
<p><span style="font-size: medium;">Oui, il est possible d&rsquo;organiser votre journée comme vous le souhaitez. </span><span style="font-size: medium;">Vous pouvez venir à tous les cours ou seulement une fois.</span></p>
<p><span style="font-size: medium;"> </span></p>
</div>
<div class="x14z9mp xat24cr x1lziwak x1vvkbs xtlvy1s">
<p><span style="font-size: medium;">Renseignements :<br />Morda &#8211; <a href="mailto:morda@morda.ch">morda@morda.ch</a> &#8211; 079 232 31 04<br />Marion &#8211; <a href="mailto:feldenkrais@marionmordasini.com">feldenkrais@marionmordasini.com</a> &#8211; 079 565 20 65</span><span style="font-size: medium;"></span></p>
</div>
<p>[/et_pb_text][/et_pb_column][et_pb_column type= »1_2&Prime; _builder_version= »4.16&Prime; custom_padding= »||| » global_colors_info= »{} » custom_padding__hover= »||| »][et_pb_text admin_label= »Texte » _builder_version= »4.18.0&Prime; background_size= »initial » background_position= »top_left » background_repeat= »repeat » use_border_color= »off » border_style= »solid » global_colors_info= »{} »]</p>
<h3><span style="color: #e02b20;"><strong>CONCERT &#8211; CHANSON FRANCAISE</strong></span></h3>
<h3><span style="color: #e02b20;"><strong>6 août, Intragna, Tessin</strong></span></h3>
<p><a href="http://www.intra-studio.ch/"><span style="color: #e02b20;"><strong></strong></span></a></p>
<p>[/et_pb_text][et_pb_text admin_label= »Texte » _builder_version= »4.18.0&Prime; background_size= »initial » background_position= »top_left » background_repeat= »repeat » min_height= »78px » custom_margin= »||7px||| » custom_padding= »||3px||| » use_border_color= »off » border_style= »solid » global_colors_info= »{} »]</p>
<p><span style="font-size: medium;">En direct de la place du village, nous entamerons un bel éventail de pépites variées de la Chanson Française.</span></p>
<p><span style="font-size: medium;">Ca va valser sous les persiennes !</span></p>
<p><span style="font-size: medium;">Avec : Morda, Pascal Rinaldi et Yves Z</span></p>
<p><span style="font-size: medium;"></span></p>
<p><span style="font-size: medium;"></span></p>
<p>[/et_pb_text][et_pb_text admin_label= »Texte » _builder_version= »4.18.0&Prime; background_size= »initial » background_position= »top_left » background_repeat= »repeat » min_height= »78px » custom_margin= »||7px||| » custom_padding= »||3px||| » use_border_color= »off » border_style= »solid » global_colors_info= »{} »]</p>
<div class="xdj266r x14z9mp xat24cr x1lziwak x1vvkbs"><img loading="lazy" decoding="async" src="http://www.morda.ch/wp-content/uploads/2025/06/p1-300x300.jpg" width="483" height="483" alt="" class="wp-image-729 alignnone size-medium" /></div>
<div class="x14z9mp xat24cr x1lziwak x1vvkbs xtlvy1s">
<p>&nbsp;</p>
<p>&nbsp;</p>
</div>
<p>[/et_pb_text][/et_pb_column][/et_pb_row][/et_pb_section]</p>

<p>RETRAITE FELDENKRAIS &amp; SONOTHÉRAPIE 26 au 30 août 2025, Intragna, Tessin Offrez-vous une semaine de liberté et de bien-être.   Vous souhaitez : Libérer et fluidifier vos mouvements, retrouver de la mobilité, changer vos habitudes, sortir de vos schémas limitants, intégrer de nouvelles façons de faire par une prise de conscience et redonner vie et [&hellip;]</p>
