{"id":96,"date":"2017-03-05T11:51:55","date_gmt":"2017-03-05T10:51:55","guid":{"rendered":"http:\/\/morda.multibabirel.ch\/?page_id=96"},"modified":"2019-02-18T08:46:40","modified_gmt":"2019-02-18T07:46:40","slug":"96-2","status":"publish","type":"page","link":"http:\/\/www.morda.ch\/index.php\/96-2\/","title":{"rendered":"Spectacles"},"content":{"rendered":"<p>[et_pb_section admin_label=\u00a0\u00bbSection\u00a0\u00bb fullwidth=\u00a0\u00bbon\u00a0\u00bb specialty=\u00a0\u00bboff\u00a0\u00bb transparent_background=\u00a0\u00bboff\u00a0\u00bb allow_player_pause=\u00a0\u00bboff\u00a0\u00bb inner_shadow=\u00a0\u00bboff\u00a0\u00bb parallax=\u00a0\u00bboff\u00a0\u00bb parallax_method=\u00a0\u00bboff\u00a0\u00bb make_fullwidth=\u00a0\u00bboff\u00a0\u00bb use_custom_width=\u00a0\u00bboff\u00a0\u00bb width_unit=\u00a0\u00bbon\u00a0\u00bb make_equal=\u00a0\u00bboff\u00a0\u00bb use_custom_gutter=\u00a0\u00bboff\u00a0\u00bb][et_pb_fullwidth_image admin_label=\u00a0\u00bbImage en pleine largeur\u00a0\u00bb src=\u00a0\u00bbhttp:\/\/morda.multibabirel.ch\/wp-content\/uploads\/2017\/03\/bandeau_morda_2_4_chanson.jpg\u00a0\u00bb show_in_lightbox=\u00a0\u00bboff\u00a0\u00bb url_new_window=\u00a0\u00bboff\u00a0\u00bb use_overlay=\u00a0\u00bboff\u00a0\u00bb animation=\u00a0\u00bbleft\u00a0\u00bb use_border_color=\u00a0\u00bboff\u00a0\u00bb border_color=\u00a0\u00bb#ffffff\u00a0\u00bb border_style=\u00a0\u00bbsolid\u00a0\u00bb] [\/et_pb_fullwidth_image][\/et_pb_section][et_pb_section admin_label=\u00a0\u00bbsection\u00a0\u00bb][et_pb_row admin_label=\u00a0\u00bbrow\u00a0\u00bb][et_pb_column type=\u00a0\u00bb1_2&Prime;][et_pb_text admin_label=\u00a0\u00bbTexte\u00a0\u00bb background_layout=\u00a0\u00bblight\u00a0\u00bb text_orientation=\u00a0\u00bbleft\u00a0\u00bb use_border_color=\u00a0\u00bboff\u00a0\u00bb border_color=\u00a0\u00bb#ffffff\u00a0\u00bb border_style=\u00a0\u00bbsolid\u00a0\u00bb]<\/p>\n<h2>LES CHANSONS DE MORDA&#8230;<\/h2>\n<p>Que ce soit les tubes de la chanson fran\u00e7aise, les m\u00e9lodies de Bourvil ou du chant classique, la musique fait partie de ma vie et j&rsquo;interpr\u00e8te \u00ab\u00a0\u00e0 ma sauce\u00a0\u00bb les m\u00e9lodies d&rsquo;hier et d&rsquo;aujourd&rsquo;hui&#8230;<\/p>\n<p>Ma voix, en tant qu&rsquo;instrument de musique, est au coeur de ma trajectoire. Accompagn\u00e9 de diff\u00e9rentes formations musicales, j&rsquo;en joue avec g\u00e9n\u00e9rosit\u00e9 et plaisir, dans le bonheur de partager des moments tendres et dr\u00f4les avec le public.<\/p>\n<p>[\/et_pb_text][\/et_pb_column][et_pb_column type=\u00a0\u00bb1_2&Prime;][et_pb_image admin_label=\u00a0\u00bbImage\u00a0\u00bb src=\u00a0\u00bbhttp:\/\/morda.multibabirel.ch\/wp-content\/uploads\/2017\/03\/IMG_4872.jpg\u00a0\u00bb show_in_lightbox=\u00a0\u00bboff\u00a0\u00bb url_new_window=\u00a0\u00bboff\u00a0\u00bb use_overlay=\u00a0\u00bboff\u00a0\u00bb animation=\u00a0\u00bbleft\u00a0\u00bb sticky=\u00a0\u00bboff\u00a0\u00bb align=\u00a0\u00bbleft\u00a0\u00bb force_fullwidth=\u00a0\u00bboff\u00a0\u00bb always_center_on_mobile=\u00a0\u00bbon\u00a0\u00bb use_border_color=\u00a0\u00bboff\u00a0\u00bb border_color=\u00a0\u00bb#ffffff\u00a0\u00bb border_style=\u00a0\u00bbsolid\u00a0\u00bb] [\/et_pb_image][\/et_pb_column][\/et_pb_row][\/et_pb_section]<\/p>\n","protected":false},"excerpt":{"rendered":"<p>LES CHANSONS DE MORDA&#8230; Que ce soit les tubes de la chanson fran\u00e7aise, les m\u00e9lodies de Bourvil ou du chant classique, la musique fait partie de ma vie et j&rsquo;interpr\u00e8te \u00ab\u00a0\u00e0 ma sauce\u00a0\u00bb les m\u00e9lodies d&rsquo;hier et d&rsquo;aujourd&rsquo;hui&#8230; Ma voix, en tant qu&rsquo;instrument de musique, est au coeur de ma trajectoire. Accompagn\u00e9 de diff\u00e9rentes formations [&hellip;]<\/p>\n","protected":false},"author":1,"featured_media":0,"parent":0,"menu_order":0,"comment_status":"closed","ping_status":"closed","template":"","meta":{"_et_pb_use_builder":"on","_et_pb_old_content":"","_et_gb_content_width":"","footnotes":""},"class_list":["post-96","page","type-page","status-publish","hentry"],"_links":{"self":[{"href":"http:\/\/www.morda.ch\/index.php\/wp-json\/wp\/v2\/pages\/96","targetHints":{"allow":["GET"]}}],"collection":[{"href":"http:\/\/www.morda.ch\/index.php\/wp-json\/wp\/v2\/pages"}],"about":[{"href":"http:\/\/www.morda.ch\/index.php\/wp-json\/wp\/v2\/types\/page"}],"author":[{"embeddable":true,"href":"http:\/\/www.morda.ch\/index.php\/wp-json\/wp\/v2\/users\/1"}],"replies":[{"embeddable":true,"href":"http:\/\/www.morda.ch\/index.php\/wp-json\/wp\/v2\/comments?post=96"}],"version-history":[{"count":19,"href":"http:\/\/www.morda.ch\/index.php\/wp-json\/wp\/v2\/pages\/96\/revisions"}],"predecessor-version":[{"id":593,"href":"http:\/\/www.morda.ch\/index.php\/wp-json\/wp\/v2\/pages\/96\/revisions\/593"}],"wp:attachment":[{"href":"http:\/\/www.morda.ch\/index.php\/wp-json\/wp\/v2\/media?parent=96"}],"curies":[{"name":"wp","href":"https:\/\/api.w.org\/{rel}","templated":true}]}}

<p>[et_pb_section admin_label= »Section » fullwidth= »on » specialty= »off » transparent_background= »off » allow_player_pause= »off » inner_shadow= »off » parallax= »off » parallax_method= »off » make_fullwidth= »off » use_custom_width= »off » width_unit= »on » make_equal= »off » use_custom_gutter= »off »][et_pb_fullwidth_image admin_label= »Image en pleine largeur » src= »http://morda.multibabirel.ch/wp-content/uploads/2017/03/bandeau_morda_2_4_chanson.jpg » show_in_lightbox= »off » url_new_window= »off » use_overlay= »off » animation= »left » use_border_color= »off » border_color= »#ffffff » border_style= »solid »] [/et_pb_fullwidth_image][/et_pb_section][et_pb_section admin_label= »section »][et_pb_row admin_label= »row »][et_pb_column type= »1_2&Prime;][et_pb_text admin_label= »Texte » background_layout= »light » text_orientation= »left » use_border_color= »off » border_color= »#ffffff » border_style= »solid »]</p>
<h2>LES CHANSONS DE MORDA&#8230;</h2>
<p>Que ce soit les tubes de la chanson française, les mélodies de Bourvil ou du chant classique, la musique fait partie de ma vie et j&rsquo;interprète « à ma sauce » les mélodies d&rsquo;hier et d&rsquo;aujourd&rsquo;hui&#8230;</p>
<p>Ma voix, en tant qu&rsquo;instrument de musique, est au coeur de ma trajectoire. Accompagné de différentes formations musicales, j&rsquo;en joue avec générosité et plaisir, dans le bonheur de partager des moments tendres et drôles avec le public.</p>
<p>[/et_pb_text][/et_pb_column][et_pb_column type= »1_2&Prime;][et_pb_image admin_label= »Image » src= »http://morda.multibabirel.ch/wp-content/uploads/2017/03/IMG_4872.jpg » show_in_lightbox= »off » url_new_window= »off » use_overlay= »off » animation= »left » sticky= »off » align= »left » force_fullwidth= »off » always_center_on_mobile= »on » use_border_color= »off » border_color= »#ffffff » border_style= »solid »] [/et_pb_image][/et_pb_column][/et_pb_row][/et_pb_section]</p>

<p>LES CHANSONS DE MORDA&#8230; Que ce soit les tubes de la chanson française, les mélodies de Bourvil ou du chant classique, la musique fait partie de ma vie et j&rsquo;interprète « à ma sauce » les mélodies d&rsquo;hier et d&rsquo;aujourd&rsquo;hui&#8230; Ma voix, en tant qu&rsquo;instrument de musique, est au coeur de ma trajectoire. Accompagné de différentes formations [&hellip;]</p>
